 f(b).
8
Let x(k) = -2*k**3 + 2*k**2 + 2*k - 3. Let h(t) = 3*t**3 - t**2 - 3*t + 3. Let w(b) = -3*h(b) - 4*x(b). Calculate w(-5).
-2
Let q(y) = -y - 2. Let j = 13 + -7. Let t be ((-26)/(-6))/(2/j). Suppose -t - 3 = 4*z. Give q(z).
2
Let t(q) = -q - 1. Let w(h) = -8*h - 7. Let c(k) = 5*t(k) - w(k). What is c(-3)?
-7
Let j(n) = -3*n - 2*n - 1 + 2*n + 6*n. Let p(d) = -2*d. Let z(y) = -3*j(y) - 4*p(y). What is z(4)?
-1
Let t be ((-10)/4)/((-2)/(-4)). Let w(s) = s + 6. What is w(t)?
1
Let k(a) be the third derivative of -a**5/60 + 5*a**4/24 - a**3 + 15*a**2. Give k(4).
-2
Suppose q + 4*m = -9, 2*q + 3 = -m - 2*m. Let u(k) = -k**3 + 3*k**2 - 4. Give u(q).
-4
Let y(x) = -x**2 - 3*x + 4. Let i = -2 - -4. Suppose -7*c = -i*c - 25. Let k = 1 - c. Give y(k).
0
Suppose q - 4*n - 41 = 6*q, -21 = q + 4*n. Let y(m) = -m**2 - 5*m + 5. Determine y(q).
5
Let c(i) be the second derivative of i**3/3 + 3*i**2/2 + 37*i. Calculate c(-2).
-1
Let t(s) = -s**2 - s + 4. Suppose 3*k + k + 12 = 0. Determine t(k).
-2
Let q = 5 + -16. Let o = q - -7. Let i(r) = 6*r + 5. Let s(z) = -3*z - 2. Let y(x) = -3*i(x) - 5*s(x). What is y(o)?
7
Let x(a) = -a**2 - 2*a - 4. Let z(o) = 3*o**2 + 5*o - 4*o**2 - 5 - 3*o + o. Let p be z(2). Give x(p).
-7
Let n(v) be the second derivative of -v**4/12 - 5*v**3/6 - 3*v**2 + 20*v. Let b be 1*(-2)/(2 + -1). Let l = -6 - b. Calculate n(l).
-2
Suppose 5*m + 23 = -4*d, -9 = m + 4*m - 3*d. Let a(c) be the second derivative of -c**4/12 - c**3/3 + c**2 + 2*c. Calculate a(m).
-1
Let q(b) = b**2 + 4*b + 6. Let g = 31 + -35. Calculate q(g).
6
Let f be (8/10)/(4/40). Let q = 13 - f. Let l(z) = 8*z**2 - 3*z**2 + z**3 - 2*z**3. Determine l(q).
0
Let b(w) = w + 1. Let g(p) = 4*p + 2. Let m(q) = 5*b(q) - g(q). Let a = 4 + -8. Determine m(a).
-1
Suppose 5*k - 2*r - 1 = 0, -5*k + r - 1 = -2*r. Let l(h) = h**2 - h. Calculate l(k).
0
Let o be 7*(0 + 1) - 3. Let c(z) = 2 + 7*z - 3*z + 2*z - 1 - z**3 + o*z**2. Determine c(5).
6
Let s(v) be the third derivative of -v**6/40 + v**4/12 - v**3/6 + 2*v**2. Let c(j) = 5*j**2 + 6 - 3*j - j**3 + 0 + 2*j. Let b be c(5). What is s(b)?
-2
Let k(x) = x + 1. Let p(j) = j - 3. Let w(b) = 2*k(b) - p(b). Calculate w(-5).
0
Let s = 13 + -9. Let p(o) = o**3 - 3*o**2 - 3*o - 4. Calculate p(s).
0
Suppose 2*f + 8 = 0, 3*m - 36 = -2*m + 4*f. Let b(j) = j**3 - 5*j**2 + 5*j - 4. Calculate b(m).
0
Let j(d) = -7*d - 46. Let m be j(-6). Let o(l) = -5*l + 2. Give o(m).
22
Let w be 5/((-5)/(-1))*-4. Let v(f) = f**3 + 4*f**2 - 1. Give v(w).
-1
Let z be ((-2)/6)/((-2)/12). Let d(i) be the first derivative of -3*i**2 + 0*i**2 + 4*i**z - 1. Give d(-1).
-2
Let u(h) = -h**2 - 12*h + 16. Let g be u(-13). Let y be -3 + (3 - (g - 3)). Let p(z) = 2*z + 4 - 3*z**2 - z + 4*z**2. Determine p(y).
4
Let i(w) = w**2 + w + 7. Suppose 0*h = 3*h - 9. Suppose 0*r - h*r = 0. Determine i(r).
7
Let c(q) be the second derivative of q**7/2520 + q**6/720 - q**5/40 + q**4/3 + 3*q. Let r(i) be the third derivative of c(i). Calculate r(-3).
3
Let v(z) be the third derivative of z**4/24 - 2*z**3/3 - 17*z**2. Calculate v(7).
3
Let w(g) = 4*g - 4. Let p(d) = 5*d - 5. Let z(s) = -6*p(s) + 7*w(s). Give z(3).
-4
Let o = -2 + 12. Suppose 0 = -d - v - 2, -6*d - v - o = -d. Let r be 4/1 + -2 - d. Let c(h) = 2*h - 5. Calculate c(r).
3
Suppose -c = -4*c + 3. Let h(d) = d**3 - 2*d + 1. Let v be h(2). Let k be (c - v)*5/4. Let i(z) = -z**2 - 7*z - 5. Calculate i(k).
5
Let w(b) = -1 - 3*b**2 - 4*b**2 + 3*b**2. What is w(-2)?
-17
Suppose -3*d = -0 - 3. Let k(w) = -3*w + d - 7 + 5*w. Give k(4).
2
Let j(p) be the third derivative of -5/24*p**4 + 0 - 1/120*p**6 + 1/12*p**5 - 1/6*p**3 - 3*p**2 + 0*p. What is j(4)?
-5
Suppose 5*b - 2*h + 0*h = 1, 3*b - 2*h = -1. Suppose 2*v = 4*v - 18. Let u(p) = v - 2 - 6 + 4*p. Give u(b).
5
Suppose 5*m - 34 = -4*s, 1 = 2*m - 3. Let p(a) = -2*a + 2. Calculate p(s).
-10
Let x = -5 - -10. Suppose 0 = 5*y + 2*g - 3, x*g = 2*y + 8 + 14. Let c(u) be the first derivative of 4*u**2 + u + 8. Give c(y).
-7
Let t(f) = -5*f**2 + 6*f - 2. Let y(o) = -4*o**2 + 6*o - 1. Let l(a) = 5*t(a) - 6*y(a). Suppose 3*j + 32 = -4*n, 0 = j + 4 - 0. Calculate l(n).
1
Let f(o) be the first derivative of 50*o + 0 - 54*o - o**2 - 2 + 8. Give f(-5).
6
Let l(f) be the third derivative of -f**5/60 + f**4/6 + f**3/3 + 16*f**2 - 1. Determine l(6).
-10
Let v(m) be the third derivative of -7*m**6/120 + m**5/60 - 10*m**2. Calculate v(1).
-6
Suppose 0 = 26*i - 21*i + 35. Let n(t) = -2*t + 5. Calculate n(i).
19
Let p be (2 + -8)*2/3. Let s be (2 + 0)*3 + -2. Let x(q) = -2*q**2 - q**2 - s + 4*q**2 + 4*q. What is x(p)?
-4
Let k(t) = -t - 5. Let a(l) = -5*l**2 + 1. Let y be a(1). Let m be (12/(-2))/(y - -5). What is k(m)?
1
Suppose 0*c - y - 11 = 3*c, -5*c - 2*y = 17. Let v(p) = -6 - 2 + 2*p + 2 + p**2 + 0. Give v(c).
9
Let l(g) = -7 + 4 + g - 3. Give l(-5).
-11
Let z(m) = m**3 + 9*m**2 - 2*m + 1. Let h(f) = -3*f**3 - 26*f**2 + 5*f - 2. Let r(g) = 3*h(g) + 8*z(g). Give r(-6).
8
Suppose -2*n = -4*o - 6*n + 24, 2 = 3*o - 5*n. Let a(w) = -w. Calculate a(o).
-4
Suppose 2*p + 2*p - 16 = 0. Let m(k) = -2*k**2 + 6*k. Give m(p).
-8
Let d(o) = -1. Let b(l) = -9*l**2 + 3*l + 1. Let x(a) = -b(a) - 2*d(a). Let n(g) = 36*g**2 - 13*g + 4. Let j(t) = -2*n(t) + 9*x(t). Determine j(1).
9
Let k(h) = 0*h - 6*h - 2 + 2 - 3. Calculate k(-3).
15
Let v(l) = 1. Let q(o) = 2*o + 12. Let g(m) = -q(m) + 4*v(m). Give g(-7).
6
Let o(k) = -k**2 - k. Suppose -3*u + 70 = -u. Suppose 5*f - 3*g - 2*g - 50 = 0, u = 5*f - 2*g. Suppose -7*v + 3*v - 4*p = -12, -2*p + 6 = f*v. What is o(v)?
0
Let m(t) be the second derivative of t**3/3 + t**2/2 + 3*t. Give m(1).
3
Let c(b) = -2*b. Suppose -3*q = -4*j + 2*q + 20, 2*j - 4*q - 10 = 0. Suppose -11 = -j*k + 14. Suppose -5*p + k*x - 22 = -2*p, -5*x = 3*p - 28. Calculate c(p).
-2
Let b be -3*-4*(-2)/8. Let h(f) = f**2 + 3*f + 2. Give h(b).
2
Let g be (5 + 132/(-30))/((-2)/10). Suppose 12 = 3*w - 3*f, 8 = 4*w + 3*f - 5*f. Let y(c) = 3*c - 2*c + w*c + 2. Calculate y(g).
-1
Let j(p) = p + 1. Let x(v) = -4*v + 27. Let n be x(8). Calculate j(n).
-4
Let p be 2/(-6) + (-4)/(-12). Suppose p = -3*c + c. Let z(m) = -4*m**3 - 2*m**3 + c*m**2 - 1 + 0*m**2 + 2*m. Give z(1).
-5
Let n(i) = i**2 + 4*i - 4. Let h be n(-5). Let d(p) = 2*p + 9*p - 1 + h. Let b be (4/(-6))/((-2)/(-3)). What is d(b)?
-11
Let z(t) be the first derivative of t**3 + t - 2. Determine z(-1).
4
Let a(v) = v**3 + 4*v**2 - 5*v + 3. Let t be a(-5). Suppose -5*k + 18 = t. Let b(j) = 3*j - 2. Calculate b(k).
7
Let a = -2 + 9. Let i(c) be the third derivative of -c**6/120 + c**5/10 + c**4/4 + 2*c**3/3 + 2*c**2. What is i(a)?
-3
Let r(n) = 8*n. Let b be -1*(-5)/7 - 6/(-21). Give r(b).
8
Let i(m) be the third derivative of m**5/12 - m**4/12 - m**3/6 - m**2. Suppose 4*t - 5*j = 20, -5*t + 2 + 6 = -2*j. Let w be (-2 - t) + (-1)/(-1). What is i(w)?
6
Let x(v) = -v**3 + 6*v**2 + v - 7. Suppose 0 = 4*p - 28 + 4. What is x(p)?
-1
Suppose -4*o = -0*w - w - 23, 17 = w + 4*o. Let u(b) = b**2 - 4*b - 2. Give u(w).
19
Let a(m) = -7*m + m**2 - 7 - 7*m**2 + 2*m**2 + 3*m**2. Give a(-7).
-7
Let z(x) be the third derivative of x**5/15 + x**4/12 + x**3/6 + 7*x**2. Give z(-1).
3
Let h(j) = -21*j + 2 - 5 + 20*j. Determine h(5).
-8
Let y be (1 + -2)/(3/(-6)). Let m(p) = p**3 - 2*p**2 - p - 1. Calculate m(y).
-3
Let n(k) = -2 - k**2 - 5*k + k - 3*k. Let u(m) = -m**3 - 3*m**2 + 2*m - 6. Let r be u(-4). Suppose 5*v = -5*a + 3*a - 20, 4 = -r*a + 3*v. Calculate n(a).
8
Let t = -63 - -58. Let a(f) = f**3 + f**2 + 4*f**2 + f**2 + 7*f. Give a(t).
-10
Let w(n) = -2*n + 10. Let t(d) be the second derivative of -d**3/6 + 7*d**2/2 - 5*d. Let l(k) = -8*t(k) + 5*w(k). What is l(-6)?
6
Let d(q) = 3*q + 5. Let z(w) = -5*w - 7. Let m(y) = -8*d(y) - 5*z(y). What is m(0)?
-5
Let c(h) = -2*h**3 - 3*h**2 - h - 2. Let g be (-11)/(-1)*(1 + -2). Let v = -7 - g. Let u = v + -6. Determine c(u).
4
Let r(a) = -4*a + 21. Let s be r(6). Let o(f) = -f**3 - 4*f**2 - f. Give o(s).
-6
Let u be 4/(-6)*9/(-2). Let c = 4 - u. Let f(m) = -3 + 4*m**3 + 0 + 4 - 2*m**2. Calculate f(c).
3
Let t(h) = -5*h**2. Let m(i) = i**2 + 4*i - 6. Let w be m(-5). Give t(w).
-5
Let q(j) = -3*j**3 + j**2. Let s be q(1). Let a(n) be the third derivative of n**4/6 + 2*n**2. Give a(s).
-8
Suppose -2*i + 15 = 3*i. Let t(